 common factor of 210 and 2430.
30
What is the greatest common divisor of 14338 and 134?
134
What is the highest common divisor of 10349 and 131?
131
Calculate the highest common factor of 7 and 2429.
7
Calculate the highest common divisor of 135 and 5.
5
Calculate the greatest common factor of 1773 and 9.
9
Calculate the highest common factor of 82 and 7216.
82
Calculate the highest common divisor of 276 and 24.
12
What is the greatest common factor of 7 and 175?
7
What is the highest common factor of 61 and 305?
61
What is the highest common divisor of 630 and 17430?
210
What is the highest common factor of 16 and 448?
16
What is the highest common factor of 534 and 30?
6
What is the greatest common divisor of 549 and 793?
61
Calculate the greatest common factor of 37 and 6179.
37
What is the greatest common factor of 3680 and 1265?
115
What is the greatest common factor of 3136 and 196?
196
What is the highest common divisor of 445 and 2581?
89
Calculate the highest common divisor of 578 and 51.
17
Calculate the greatest common divisor of 42 and 807.
3
What is the highest common divisor of 1111 and 11?
11
Calculate the greatest common divisor of 27 and 19143.
27
Calculate the highest common factor of 14 and 91.
7
Calculate the highest common factor of 125 and 10.
5
Calculate the greatest common divisor of 4050 and 162.
162
Calculate the highest common divisor of 1863 and 138.
69
Calculate the highest common factor of 54 and 4.
2
Calculate the highest common divisor of 1805 and 380.
95
Calculate the greatest common factor of 31426 and 114.
38
Calculate the highest common divisor of 81 and 1863.
81
Calculate the greatest common factor of 784 and 672.
112
Calculate the greatest common factor of 112 and 770.
14
Calculate the greatest common factor of 12270 and 15.
15
Calculate the highest common divisor of 3149 and 141.
47
What is the highest common divisor of 44 and 176?
44
What is the highest common factor of 6394 and 46?
46
Calculate the greatest common divisor of 9 and 144.
9
Calculate the greatest common divisor of 1995 and 12.
3
Calculate the greatest common factor of 224 and 140.
28
What is the highest common factor of 1830 and 75?
15
Calculate the greatest common factor of 5 and 265.
5
Calculate the highest common divisor of 583 and 77.
11
What is the highest common divisor of 75 and 325?
25
Calculate the greatest common divisor of 1045 and 10.
5
What is the highest common divisor of 328 and 16?
8
What is the greatest common divisor of 15642 and 18?
18
What is the highest common divisor of 7 and 553?
7
Calculate the highest common divisor of 1044 and 48.
12
Calculate the highest common divisor of 14020 and 20.
20
What is the greatest common factor of 46 and 5198?
46
Calculate the highest common divisor of 2255 and 246.
41
What is the greatest common factor of 576 and 252?
36
What is the highest common divisor of 544 and 476?
68
What is the greatest common factor of 53 and 19557?
53
What is the greatest common factor of 378 and 14?
14
Calculate the highest common factor of 152 and 57.
19
What is the greatest common factor of 57768 and 116?
116
Calculate the highest common divisor of 46 and 4.
2
What is the greatest common factor of 10 and 2?
2
What is the greatest common divisor of 96 and 608?
32
Calculate the greatest common factor of 32937 and 3.
3
What is the greatest common divisor of 32819 and 37?
37
Calculate the highest common factor of 243 and 47.
1
Calculate the greatest common divisor of 20 and 860.
20
Calculate the greatest common divisor of 893 and 76.
19
What is the highest common factor of 16 and 8?
8
Calculate the greatest common divisor of 64 and 664.
8
Calculate the highest common divisor of 448 and 84.
28
What is the greatest common factor of 931 and 49?
49
Calculate the highest common factor of 933 and 33899.
311
What is the greatest common divisor of 16 and 2760?
8
Calculate the greatest common divisor of 74 and 333.
37
Calculate the highest common divisor of 162 and 38.
2
What is the highest common divisor of 234 and 390?
78
Calculate the greatest common divisor of 4407 and 13.
13
What is the greatest common factor of 2565 and 15?
15
Calculate the greatest common factor of 156 and 3072.
12
What is the greatest common factor of 88 and 748?
44
What is the highest common divisor of 1232 and 77?
77
What is the greatest common divisor of 8 and 44?
4
Calculate the greatest common divisor of 18 and 522.
18
Calculate the highest common factor of 28 and 49.
7
Calculate the highest common factor of 672 and 72.
24
Calculate the greatest common factor of 2954 and 14.
14
Calculate the greatest common divisor of 732 and 12.
12
Calculate the highest common factor of 1571 and 4.
1
Calculate the greatest common divisor of 1465 and 13771.
293
Calculate the greatest common divisor of 342 and 6726.
114
Calculate the greatest common divisor of 6 and 294.
6
Calculate the highest common divisor of 1105 and 325.
65
Calculate the greatest common divisor of 3650 and 700.
50
What is the greatest common divisor of 423 and 47?
47
Calculate the greatest common divisor of 17 and 3.
1
What is the highest common factor of 2754 and 340?
34
Calculate the highest common factor of 2070 and 90.
90
What is the greatest common factor of 54 and 666?
18
Calculate the greatest common divisor of 12 and 11334.
6
Calculate the greatest common divisor of 15 and 60.
15
Calculate the highest common factor of 14 and 3206.
14
What is the highest common factor of 485 and 291?
97
Calculate the greatest common divisor of 16 and 288.
16
What is the highest common divisor of 264 and 3?
3
What is the greatest common divisor of 102 and 1139?
17
What is the greatest common factor of 100521 and 17?
17
What is the highest common divisor of 24 and 708?
12
What is the highest common factor of 26 and 104?
26
What is the highest common factor of 2596 and 704?
44
What is the greatest common factor of 621 and 27?
27
What is the greatest common divisor of 9 and 7?
1
Calculate the greatest common factor of 156 and 130.
26
What is the highest common factor of 72 and 768?
24
What is the highest common factor of 59 and 1?
1
Calculate the highest common factor of 3875 and 31.
31
What is the greatest common factor of 51 and 35564?
17
Calculate the greatest common divisor of 24 and 14088.
24
What is the greatest common divisor of 3072 and 1088?
64
What is the highest common divisor of 91 and 117?
13
Calculate the highest common factor of 1482 and 78.
78
What is the greatest common factor of 1272 and 24?
24
Calculate the greatest common factor of 1368 and 76.
76
Calculate the greatest common factor of 5856 and 24.
24
What is the highest common divisor of 1971 and 135?
27
Calculate the greatest common factor of 53 and 477.
53
Calculate the greatest common divisor of 90 and 480.
30
Calculate the greatest common divisor of 121 and 187.
11
Calculate the greatest common factor of 920 and 23.
23
What is the greatest common divisor of 194 and 873?
97
What is the greatest common divisor of 2387 and 1736?
217
What is the highest common divisor of 8996 and 182?
26
What is the greatest common divisor of 259 and 7?
7
Calculate the greatest common factor of 930 and 60.
30
What is the highest common divisor of 376 and 2961?
47
What is the highest common factor of 11190 and 60?
30
What is the highest common divisor of 5626 and 464?
58
Calculate the highest common factor of 4 and 4.
4
What is the highest common factor of 29926 and 104?
26
What is the greatest common factor of 30 and 435?
15
Calculate the highest common divisor of 13092 and 24.
12
What is the greatest common divisor of 141 and 799?
47
What is the greatest common divisor of 2 and 38?
2
What is the greatest common divisor of 40 and 5272?
8
Calculate the highest common divisor of 14359 and 173.
173
What is the greatest common divisor of 9 and 591?
3
What is the highest common factor of 120 and 332?
4
What is the greatest common factor of 680 and 40?
40
Calculate the greatest common divisor of 64 and 104.
8
Calculate the highest common divisor of 18 and 522.
18
What is the highest common factor of 12 and 36?
12
What is the greatest common divisor of 6 and 2?
2
Calculate the highest common divisor of 56 and 904.
8
What is the greatest common